t m = -5451 + 6991. List the prime factors of m.
2, 5, 7, 11
Let s = -15687 - -27894. What are the prime factors of s?
3, 13, 313
List the prime factors of (-10379340)/(-270) + -2 + -5.
5, 7687
Let d = -4017 + 43834. List the prime factors of d.
29, 1373
Let d = 111 - 101. Let o(x) = -47*x**3 + x**2 - 4*x - 6. Let z be o(-3). List the prime factors of (-21)/(-35) + z/d.
3, 43
Let b(k) = -k**3 + 23*k**2 + 50*k - 118. What are the prime factors of b(-25)?
2, 3, 1193
Let h = 421 + -420. What are the prime factors of 55/330 - ((-4858)/12 + h)?
2, 101
Let l(j) = -225*j + 1827. What are the prime factors of l(-5)?
2, 3, 41
Let x(i) = -i**3 - 5*i**2 + 2*i + 1. Let r be x(-4). Let s(v) = v + 23. Let j be s(r). Suppose 13*a - 10*a - 519 = j. List the prime factors of a.
173
Let c be -4 - 3 - (-13 + 9). List the prime factors of -311*(6 - 9) + c.
2, 3, 5, 31
Suppose 0 = 2*z - 11*j + 6*j - 67970, -2*z - j = -67982. List the prime factors of z.
2, 3, 5, 11, 103
Let a be 1461/7 + 142/497. Suppose 2*l + 2 = 0, 16 = -u + 3*l - 0. Let q = a + u. What are the prime factors of q?
2, 5, 19
Suppose -14240 + 1541 - 2421 = -54*c. List the prime factors of c.
2, 5, 7
Suppose -2451 = -16*o + 3262 - 1793. List the prime factors of o.
5, 7
Suppose -7*i = -6 - 8. Suppose -y = -i*y + 2. Suppose -v - 5*o - 75 = -327, y*v - 464 = -2*o. What are the prime factors of v?
227
Let s(c) = 9*c - 96. Let g be s(-17). Let p = 364 + g. List the prime factors of p.
5, 23
Suppose -v - 89204 = -17*z + 12*z, 2*v = -9*z + 160590. What are the prime factors of z?
2, 11, 811
Let l = -7370 + 16891. List the prime factors of l.
9521
Suppose -276 = -7*h + 207. Let z = h + 68. Let c = z + -85. List the prime factors of c.
2, 13
Let c(a) = -2*a**2 - a - 1. Let j be c(-7). Let x be 194/(5/10*2). Let w = j + x. What are the prime factors of w?
2, 3, 17
Let f(p) = p**2 - 8*p + 28. Let x be f(6). Suppose -x*t + 7*t + 3744 = 0. List the prime factors of t.
2, 13
Let g = 54630 + -26128. List the prime factors of g.
2, 14251
What are the prime factors of 15*(-13)/(-78) - 42379/(-2)?
2, 3, 883
Suppose -23*x - 16408 = -27*x. Suppose 4*o = -o + 2*d + x, 3*d + 3 = 0. List the prime factors of o.
2, 5, 41
Suppose -9 = -3*a + v, 10 = -a + 2*a + 2*v. Suppose -n + r = 15, -a*r = 2*n - n - 5. Let q(l) = l**3 + 12*l**2 + 8*l - 1. List the prime factors of q(n).
2
Let b = 5202 - 2612. List the prime factors of b.
2, 5, 7, 37
What are the prime factors of -4 + (-24)/(-6) + 4095?
3, 5, 7, 13
Suppose -39 = -6*n + 15. Let b(i) = -i**3 + i**2 - 9*i + 9. Let r be b(n). List the prime factors of r/54*(-15)/4.
2, 5
Suppose 2*h + h - 3346 = -p, 0 = p + 4*h - 3342. Suppose -796 = 6*c - p. Suppose c = 19*n - 12*n. List the prime factors of n.
61
Suppose 138*q - 139*q + 2745 = 0. Suppose 2*u - 1842 = -2*a, -10*u + 7*u = -3*a - q. List the prime factors of u.
2, 3, 17
Suppose -24 - 15 = -3*y. Let b be y/(364/2400) + 4/14. Let a = 231 - b. What are the prime factors of a?
5, 29
List the prime factors of 6543 - 12/((-144)/20)*(3 - 0).
2, 1637
Let s = 44419 + -30628. List the prime factors of s.
3, 4597
Let y(c) = -46*c**2 + 6*c + 15. Let q(j) = -45*j**2 + 6*j + 14. Let t(i) = -5*q(i) + 4*y(i). What are the prime factors of t(-3)?
13, 29
Let y = -176 - -1331. Suppose -4800 = -15*t - y. What are the prime factors of t?
3
Let r(c) = c**3 - 9*c**2 + 9*c - 10. Let q be r(8). Let k be (4 - -2) + (-4 - q). Suppose 0 = -k*h - 190 + 498. What are the prime factors of h?
7, 11
Suppose -84*m - 173*m + 1476740 = -69*m. List the prime factors of m.
5, 1571
Let x = -801 - -1474. Let c = -594 + x. List the prime factors of c.
79
Let u = -15 + -16. Let a = u + 44. Suppose 0 = a*o - 15*o + 88. What are the prime factors of o?
2, 11
Suppose x = -d + 32931, 5*d + 865*x - 164585 = 870*x. What are the prime factors of d?
2, 8231
Let x = -1633 + 1616. Let y(n) be the first derivative of n**3/3 + 6*n**2 + 5*n - 2. List the prime factors of y(x).
2, 3, 5
Suppose -13*z - 11052 + 40939 = 0. List the prime factors of z.
11, 19
Let b = -26227 - -82093. What are the prime factors of b?
2, 3, 9311
Suppose 0 = -7*s - 2000 + 29937. What are the prime factors of s?
13, 307
Suppose -9*k + 1274 = 4*b - 7*k, b - k = 320. Let s = b - 208. List the prime factors of s.
3, 37
Suppose 44*q - 73*q = -44*q + 197910. List the prime factors of q.
2, 3, 733
Let h(l) = l**3 + 18*l**2 - 38*l + 37. Let u be h(-20). Let w(r) = 67*r**2 + 4*r + 5. List the prime factors of w(u).
2, 149
Let v = 348 + -345. Suppose 3*i - 2*i + 200 = -5*x, 4*x = -5*i - 1105. What are the prime factors of (i/(-3))/(v/2)?
2, 5
Suppose -7*u = 10852 - 30319. Suppose -u = -24*z - 3*z. What are the prime factors of z?
103
Let p = 147 + -167. What are the prime factors of 2427/12 - -3 - (-5)/p?
5, 41
Let s(b) = 89*b - 24. Let k(a) = 86*a - 24. Let t(d) = -5*k(d) + 4*s(d). List the prime factors of t(-5).
2, 197
Suppose -5*f + 5*a + 2637 + 10068 = 0, 0 = 2*a + 8. What are the prime factors of f?
43, 59
Suppose 2*z - 23259 = -5*y, 2647 = -y + 3*z + 7309. List the prime factors of y.
3, 11, 47
Suppose 3*a = 2*z + 411, -2*a + 3*z - 704 = -7*a. Suppose d + a - 48 = 0. Let w = d - -137. What are the prime factors of w?
2, 23
Let j = 23 + -21. Suppose j*w + 36 = w. What are the prime factors of (3 - w/21) + (-4)/(-14)?
5
Let m(a) = a**3 + 17*a**2 + 22*a - 7. Let o be m(-10). Let w = -204 + o. List the prime factors of w.
269
Suppose 0 = -y + 74 + 376. What are the prime factors of y?
2, 3, 5
Let n(c) = -286*c**3 - 21*c - 99. What are the prime factors of n(-6)?
3, 7, 109
Suppose 96912 = 4*g - 4*y, 242*g - 5*y - 48474 = 240*g. What are the prime factors of g?
2, 3, 11, 367
Let v = 20 - 12. Let z(w) = -w**3 - 72*w**2 + 100*w + 2099. Let n be z(-73). Let l = v + n. What are the prime factors of l?
2, 17
Suppose 1518*t - 1434*t = 1804572. What are the prime factors of t?
3, 7, 11, 31
Let r(v) = -v**2 + 6*v - 14. Let s be r(4). List the prime factors of (-15)/s*6162/65.
3, 79
Suppose -2285398 = -112*o + 341338. What are the prime factors of o?
47, 499
Suppose 210*t - 2625750 - 3466560 = 0. What are the prime factors of t?
67, 433
Let l(h) = 108*h - 385. What are the prime factors of l(50)?
5, 17, 59
Let z(x) = 196*x + 106*x + 27 - 59*x + 66*x. Let o be z(7). Suppose 0 = -13*n + 3*n + o. What are the prime factors of n?
3, 73
Suppose -5*n + 241 = -309. Let x = -71 + n. Let f = x + -3. List the prime factors of f.
2, 3
Let h(q) be the second derivative of -q**4/12 + q**3/6 + 29*q**2/2 - 6*q. Let a be h(-12). Let d = 211 + a. What are the prime factors of d?
2, 3, 7
Let p(n) = -n**3 + 19*n**2 - 6*n - 62. What are the prime factors of p(-14)?
2, 5, 11, 59
Let l(z) = 982*z**2 - 88*z + 432. What are the prime factors of l(5)?
2, 7, 1753
Suppose g + 9*c - 2793 = 7*c, -2*g = c - 5574. List the prime factors of 16/14 + -1 + g/7.
2, 199
Let z be 3325/7 + 5/(-1). Let f = z - 201. What are the prime factors of f?
269
Suppose 0*s = 4*s - g - 9, 3*g = -2*s + 1. Suppose -4*y = -3*y + 3*n - 115, 3*y - s*n - 367 = 0. What are the prime factors of y?
11
Let f be (9/(-6))/(1/4*-2). Suppose k + k = -w + 467, -f*k + 2*w + 704 = 0. Suppose -k = -2*z - 11*z. What are the prime factors of z?
2, 3
Suppose -11*z + 274 - 98 = 0. Suppose 0 = -z*f + 2533 - 917. List the prime factors of f.
101
Let g(r) = -2*r + 34. Let n be g(7). Suppose 0 = n*c - 735 - 1085. What are the prime factors of c?
7, 13
Let c = -55 + 63. Let o(w) = -w**3 + 9*w**2 + 16*w + 14. What are the prime factors of o(c)?
2, 103
What are the prime factors of (((-44)/(-33))/(-2))/((-418044)/139347 + 3)?
2, 3, 13, 397
Let s(h) = h**3 - 8*h**2 + 4*h - 24. Let m be s(8). Suppose 4*l - 5*u - 471 = 0, -l - 6 = -u - 124. Suppose l = m*w - 465. List the prime factors of w.
73
Let m be (1 - 1)*118/(-118). Suppose m*n = 10*n - 11340. What are the prime factors of n?
2, 3, 7
Let o be 6/5 - 180/(-100). Suppose 7*m = 3*m - 3*u + 1178, o*u = -m + 299. What are the prime factors of m?
293
Let o(y) = 10*y**2 + 21*y - 317. List the prime factors of o(35).
2, 3167
Let j be (-35)/10 + 3 - 2/(-4). Suppose 2*r - 12 = 4*h, 0 = -j*r + 4*r + 4*h. Suppose 6*q + r - 320 = 0. What are the prime factors of q?
53
Suppose 0 = -5*m + 20, 5*p + m + 0*m - 33964 = 0. Suppose 1257*g - 1251*g - p = 0. List t